{"id":1232,"date":"2025-02-09T14:59:57","date_gmt":"2025-02-09T14:59:57","guid":{"rendered":"https:\/\/cc-ba.com\/?page_id=1232"},"modified":"2025-02-09T14:59:59","modified_gmt":"2025-02-09T14:59:59","slug":"limportance-de-la-cybersecurite-pour-les-entreprises","status":"publish","type":"page","link":"https:\/\/cc-ba.com\/index.php\/limportance-de-la-cybersecurite-pour-les-entreprises\/","title":{"rendered":"L&rsquo;importance de la cybers\u00e9curit\u00e9 pour les entreprises"},"content":{"rendered":"\n<p>Aujourd\u2019hui, dans un monde connect\u00e9 en permanence \u00e0 Internet, il est essentiel que les entreprises prennent des mesures pour prot\u00e9ger leurs donn\u00e9es et leur r\u00e9seau contre les cyberattaques. En effet, une attaque informatique peut non seulement avoir des cons\u00e9quences financi\u00e8res importantes, mais \u00e9galement porter atteinte \u00e0 la r\u00e9putation d\u2019une entreprise. Dans cet article, nous allons aborder l\u2019importance de la cybers\u00e9curit\u00e9 pour les entreprises.<\/p>\n\n\n\n<h2 class=\"wp-block-heading\">Les risques encourus par une entreprise sans protection ad\u00e9quate<\/h2>\n\n\n\n<p>Une entreprise qui ne prend pas suffisamment soin de sa s\u00e9curit\u00e9 informatique court le risque d\u2019\u00eatre victime d\u2019une cyberattaque. Cette derni\u00e8re peut prendre diff\u00e9rentes formes : vol de donn\u00e9es confidentielles (informations bancaires, informations personnelles\u2026), blocage du syst\u00e8me gr\u00e2ce \u00e0 un ransomware ou encore utilisation frauduleuse du r\u00e9seau.<\/p>\n\n\n\n<p>Ces attaques peuvent nuire gravement aux activit\u00e9s quotidiennes d\u2019une entreprise ainsi qu\u2019\u00e0 sa r\u00e9putation aupr\u00e8s des clients et partenaires commerciaux.<\/p>\n\n\n\n<h2 class=\"wp-block-heading\">Les actions possibles pour renforcer la s\u00e9curit\u00e9 informatique<\/h2>\n\n\n\n<p>Il existe plusieurs mesures que les entreprises peuvent prendre afin de se prot\u00e9ger efficacement contre ces menaces :<\/p>\n\n\n\n<ul class=\"wp-block-list\">\n<li>Former son personnel : informer ses employ\u00e9s sur les r\u00e8gles \u00e9l\u00e9mentaires de s\u00e9curit\u00e9 informatique permettra \u00e0 l\u2019entreprise de minimiser le nombre d\u2019erreurs humaines pouvant causer une faille dans le syst\u00e8me.<\/li>\n\n\n\n<li>Utiliser un pare-feu : cette solution permettra notamment aux dirigeants d\u2019avoir un meilleur contr\u00f4le sur ce qui entre ou sort du r\u00e9seau interne.<\/li>\n\n\n\n<li>Mettre en place des mots de passe robustes : utiliser des phrases plut\u00f4t que des mots simples et combiner majuscules, minuscules, chiffres et caract\u00e8res sp\u00e9ciaux permettra de r\u00e9duire les risques d\u2019acc\u00e8s non autoris\u00e9s.<\/li>\n\n\n\n<li>Installer des mises \u00e0 jour r\u00e9guli\u00e8rement : maintenir le syst\u00e8me \u00e0 jour est essentiel pour \u00e9viter que des failles existantes ne soient exploit\u00e9es par des hackers.<\/li>\n<\/ul>\n\n\n\n<h2 class=\"wp-block-heading\">Conclusion<\/h2>\n\n\n\n<p>La cybers\u00e9curit\u00e9 est un enjeu crucial pour toutes les entreprises qui souhaitent prot\u00e9ger leurs donn\u00e9es sensibles ainsi que leur image. Les cons\u00e9quences d\u2019une cyberattaque peuvent \u00eatre d\u00e9sastreuses sur le long terme si l\u2019entreprise n\u2019a pas mis en place une protection ad\u00e9quate. Il est donc important de prendre ces menaces au s\u00e9rieux et de mettre en place les mesures n\u00e9cessaires pour garantir la s\u00e9curit\u00e9 informatique dans l\u2019entreprise.<\/p>\n","protected":false},"excerpt":{"rendered":"<p>Aujourd\u2019hui, dans un monde connect\u00e9 en permanence \u00e0 Internet, il est essentiel que les entreprises prennent des mesures pour prot\u00e9ger leurs donn\u00e9es et leur r\u00e9seau contre les cyberattaques. En effet, une attaque informatique peut non seulement avoir des cons\u00e9quences financi\u00e8res importantes, mais \u00e9galement porter atteinte \u00e0 la r\u00e9putation d\u2019une entreprise. Dans cet article, nous allons [&hellip;]<\/p>\n","protected":false},"author":1,"featured_media":1235,"parent":0,"menu_order":0,"comment_status":"closed","ping_status":"closed","template":"","meta":{"_seopress_robots_primary_cat":"","_seopress_titles_title":"L'importance de la cybers\u00e9curit\u00e9 pour les entreprises","_seopress_titles_desc":"Aujourd\u2019hui, dans un monde connect\u00e9 en permanence \u00e0 Internet, il est essentiel que les entreprises prennent des mesures pour prot\u00e9ger leurs donn\u00e9es et leur r\u00e9se...","_seopress_robots_index":"","footnotes":""},"class_list":["post-1232","page","type-page","status-publish","has-post-thumbnail","hentry"],"blocksy_meta":[],"_links":{"self":[{"href":"https:\/\/cc-ba.com\/index.php\/wp-json\/wp\/v2\/pages\/1232","targetHints":{"allow":["GET"]}}],"collection":[{"href":"https:\/\/cc-ba.com\/index.php\/wp-json\/wp\/v2\/pages"}],"about":[{"href":"https:\/\/cc-ba.com\/index.php\/wp-json\/wp\/v2\/types\/page"}],"author":[{"embeddable":true,"href":"https:\/\/cc-ba.com\/index.php\/wp-json\/wp\/v2\/users\/1"}],"replies":[{"embeddable":true,"href":"https:\/\/cc-ba.com\/index.php\/wp-json\/wp\/v2\/comments?post=1232"}],"version-history":[{"count":1,"href":"https:\/\/cc-ba.com\/index.php\/wp-json\/wp\/v2\/pages\/1232\/revisions"}],"predecessor-version":[{"id":1236,"href":"https:\/\/cc-ba.com\/index.php\/wp-json\/wp\/v2\/pages\/1232\/revisions\/1236"}],"wp:featuredmedia":[{"embeddable":true,"href":"https:\/\/cc-ba.com\/index.php\/wp-json\/wp\/v2\/media\/1235"}],"wp:attachment":[{"href":"https:\/\/cc-ba.com\/index.php\/wp-json\/wp\/v2\/media?parent=1232"}],"curies":[{"name":"wp","href":"https:\/\/api.w.org\/{rel}","templated":true}]}}